when 63830358 is divided by 2561?
2555
Calculate the remainder when 4546669 is divided by 10.
9
Calculate the remainder when 172707 is divided by 86315.
77
What is the remainder when 8875655 is divided by 4437795?
65
Calculate the remainder when 2690098 is divided by 672367.
630
What is the remainder when 148381 is divided by 464?
365
Calculate the remainder when 148845310 is divided by 6086.
8
What is the remainder when 3922214 is divided by 3130?
324
What is the remainder when 68596569 is divided by 1159?
1154
Calculate the remainder when 605082 is divided by 71.
20
What is the remainder when 77919 is divided by 1271?
388
Calculate the remainder when 31516535 is divided by 679.
71
Calculate the remainder when 902208 is divided by 4195.
283
What is the remainder when 11692135 is divided by 16?
7
What is the remainder when 1485941 is divided by 121?
61
What is the remainder when 3467545 is divided by 866886?
1
What is the remainder when 4620 is divided by 1602?
1416
Calculate the remainder when 242629 is divided by 299.
140
Calculate the remainder when 1615554 is divided by 16.
2
Calculate the remainder when 337092 is divided by 6.
0
What is the remainder when 22155414 is divided by 216?
78
What is the remainder when 953989 is divided by 4436?
249
What is the remainder when 192705 is divided by 7870?
3825
What is the remainder when 35138283 is divided by 5386?
19
Calculate the remainder when 31928 is divided by 751.
386
What is the remainder when 33477596 is divided by 16?
12
What is the remainder when 231251 is divided by 620?
611
What is the remainder when 517508 is divided by 7076?
960
What is the remainder when 127569 is divided by 4862?
1157
Calculate the remainder when 667590 is divided by 222489.
123
Calculate the remainder when 267095455 is divided by 46.
43
What is the remainder when 154125 is divided by 50948?
1281
What is the remainder when 19032174 is divided by 117?
18
Calculate the remainder when 165532 is divided by 55143.
103
What is the remainder when 99444892 is divided by 3092?
3080
Calculate the remainder when 388436 is divided by 2330.
1656
Calculate the remainder when 21292152 is divided by 103.
95
What is the remainder when 61090189 is divided by 74?
7
Calculate the remainder when 36988 is divided by 12329.
1
Calculate the remainder when 399226 is divided by 65.
61
Calculate the remainder when 98814 is divided by 16469.
0
Calculate the remainder when 2603173 is divided by 27.
22
What is the remainder when 1887787 is divided by 12024?
19
What is the remainder when 1198116 is divided by 88?
84
Calculate the remainder when 17675 is divided by 3514.
105
Calculate the remainder when 26755 is divided by 8854.
193
Calculate the remainder when 19370492 is divided by 1155.
1142
What is the remainder when 64007 is divided by 4558?
195
Calculate the remainder when 5816443 is divided by 306.
301
What is the remainder when 1562390 is divided by 39059?
30
Calculate the remainder when 956656 is divided by 954722.
1934
What is the remainder when 43715480 is divided by 255646?
14
What is the remainder when 4680375 is divided by 4102?
4095
Calculate the remainder when 305872 is divided by 644.
616
What is the remainder when 180472 is divided by 9861?
2974
What is the remainder when 25534550 is divided by 943?
939
Calculate the remainder when 159853 is divided by 966.
463
What is the remainder when 18137237 is divided by 9068617?
3
Calculate the remainder when 516906 is divided by 172241.
183
Calculate the remainder when 490773 is divided by 415.
243
What is the remainder when 2662566 is divided by 589?
286
Calculate the remainder when 1400362019 is divided by 926.
925
What is the remainder when 32441 is divided by 32268?
173
Calculate the remainder when 479166 is divided by 82.
40
What is the remainder when 13256532 is divided by 36?
0
What is the remainder when 927008 is divided by 261?
197
Calculate the remainder when 13338634 is divided by 5505.
19
Calculate the remainder when 1821444 is divided by 10842.
10830
What is the remainder when 466492 is divided by 10?
2
Calculate the remainder when 65113205 is divided by 1083.
1079
What is the remainder when 10580534 is divided by 52?
42
What is the remainder when 23135176 is divided by 791?
8
What is the remainder when 23364463 is divided by 2892?
2887
Calculate the remainder when 12213727 is divided by 42262.
9
Calculate the remainder when 23985 is divided by 7451.
1632
Calculate the remainder when 7732634 is divided by 4522.
14
Calculate the remainder when 1840266 is divided by 613414.
24
Calculate the remainder when 102322 is divided by 1432.
650
What is the remainder when 17924 is divided by 2134?
852
Calculate the remainder when 25449815 is divided by 4433.
4395
Calculate the remainder when 704780 is divided by 704764.
16
What is the remainder when 5908708 is divided by 3515?
3508
Calculate the remainder when 68824289 is divided by 18.
11
What is the remainder when 2666312 is divided by 296256?
8
What is the remainder when 12098431 is divided by 232?
95
Calculate the remainder when 51528 is divided by 12427.
1820
Calculate the remainder when 58361937 is divided by 1911.
1908
Calculate the remainder when 879108 is divided by 411.
390
What is the remainder when 83747 is divided by 33?
26
What is the remainder when 23548 is divided by 3726?
1192
What is the remainder when 1548370 is divided by 4816?
2434
Calculate the remainder when 44571211 is divided by 1366.
1363
Calculate the remainder when 52142146 is divided by 48.
34
What is the remainder when 798380 is divided by 574?
520
What is the remainder when 85493 is divided by 6504?
941
What is the remainder when 723541 is divided by 125?
41
What is the remainder when 1347374 is divided by 673618?
138
What is the remainder when 5464103 is divided by 873?
869
What is the remainder when 470074394 is divided by 595?
594
What is the remainder when 834948 is divided by 166985?
23
Calculate the remainder when 112522 is divided by 293.
10
What is the remainder when 5855486 is divided by 741?
104
Calculate the remainder when 640629 is divided by 73.
54
Calculate the remainder when 51855 is divided by 50339.
1516
Calculate the remainder when 5845568 is divided by 11507.
12
Calculate the remainder when 27038677 is divided by 49.
36
What is the remainder when 923761 is divided by 934?
35
What is the remainder when 42505840 is divided by 19?
9
Calculate the remainder when 10930312 is divided by 1366285.
32
Calculate the remainder when 117696 is divided by 439.
44
What is the remainder when 20711779 is divided by 6903905?
64
What is the remainder when 2575212 is divided by 31?
11
What is the remainder when 83824 is divided by 27941?
1
Calculate the remainder when 35896942 is divided by 3988542.
64
What is the remainder when 46918884 is divided by 3467?
3440
What is the remainder when 3675487 is divided by 612581?
1
What is the remainder when 1983706 is divided by 1658?
738
Calculate the remainder when 5181813 is divided by 2590884.
45
Calculate the remainder when 4075055 is divided by 27167.
5
What is the remainder when 146415 is divided by 20627?
2026
What is the remainder when 3957287 is divided by 791457?
2
Calculate the remainder when 143619 is divided by 38.
17
Calculate the remainder when 343281 is divided by 19009.
1119
What is the remainder when 4227991 is divided by 345?
16
Calculate the remainder when 88636606 is divided by 17939.
7
What is the remainder when 4590001 is divided by 22722?
157
What is the remainder when 5932893 is divided by 2966441?
11
What is the remainder when 917897 is divided by 5961?
5864
What is the remainder when 887671 is divided by 5411?
267
What is the remainder when 63149 is divided by 20743?
920
What is the remainder when 23602047 is divided by 7867345?
12
What is the remainder when 161685260 is divided by 921?
26
Calculate the remainder when 14077625 is divided by 35194.
25
Calculate the remainder when 4323930 is divided by 279.
267
What is the remainder when 191910 is divided by 5448?
1230
Calculate the remainder when 2191033183 is divided by 1574.
1573
What is the remainder when 7313479 is divided by 76?
75
Calculate the remainder when 1588515 is divided by 38743.
52
What is the remainder when 410086 is div